12 - 1 - 11 + 5*z**2. Let b be d(c). Calculate the highest common divisor of 132 and b.
12
Let j = -3445 + 4251. Calculate the greatest common divisor of j and 310.
62
Suppose o = 4*n - 56, -8*o = 3*n - 5*o - 57. Calculate the greatest common divisor of 555 and n.
15
Let u = -11 + 25. Suppose -6*y = -2*y + 7512. Let j = -1696 - y. Calculate the highest common factor of u and j.
14
Let l be (16 - (-5296)/28)*399/6. Calculate the greatest common factor of l and 38.
38
Let z = -617 + 961. Let p = z - 330. What is the greatest common factor of 10 and p?
2
Suppose -4*h - 8 = -v, 0 = -0*v - v - 3*h + 29. Suppose v = 21*k - 11*k. Calculate the greatest common divisor of 1 and k.
1
Suppose -3600 = -11*f - 432. Suppose 0*z + 68 = 4*h - 4*z, 4 = 2*h + 4*z. Calculate the highest common divisor of f and h.
12
Let g = -30735 - -30905. What is the greatest common divisor of 31365 and g?
85
Let f be -1 + (-2)/(-6) - (-1740576)/288. Suppose 46*d + 247 = f. Calculate the greatest common divisor of d and 2.
2
Let q be -110 + (9 - 8/2). Let p be 21/(-3)*90/q. What is the highest common divisor of p and 2?
2
Let m(n) = n + 9. Let h be m(7). Suppose 0 = -23*x + 17*x + 24. Suppose 0 = -5*r - 2*y + 76, r + x*y = 4*r - 56. What is the greatest common factor of r and h?
16
Let q = 44 - 50. Let p be 45/(-5)*2/q. Let n be p/(27/2) + (-14)/(-18). What is the greatest common divisor of 7 and n?
1
Suppose -54*c + 57*c + 24 = 0. Let h(u) = -u + 19. Let n be h(c). Calculate the highest common factor of 9 and n.
9
Suppose 2*v - 16 = -a, -3*a - 5*v = -9*v - 38. Let x(r) = r**2 - 10*r + 11. Let l be x(9). What is the greatest common factor of l and a?
2
Suppose 194*j - 1363238 - 1724057 = -49255. What is the greatest common divisor of 58 and j?
58
Let b = -26481 - -26494. Suppose 0 = -3*q + 8*q - 715. Calculate the highest common divisor of b and q.
13
Suppose -3*c - 5*t + 3 = 0, 0 = -2*t - t. Let v be -39*(c - 5 - -3). Let k be v + -6*(-6)/(-9). What is the greatest common factor of 175 and k?
35
Let s(f) = -4*f**3 + 156*f**2 + 7*f - 257. Let u be s(39). Calculate the greatest common divisor of u and 10768.
16
Let c(r) = r**2 - 21*r - 1847. Let o be c(-50). Calculate the greatest common factor of o and 13.
13
Suppose 107*n - 96*n - 33 = 0. Suppose -267 = -n*h + 1152. Calculate the greatest common factor of h and 11.
11
Let x = -5548 + 5719. Calculate the greatest common factor of x and 2280.
57
Suppose 96 = 4*x + 4*x. Suppose -4*u - 4*s + 72 = 0, 0 = -3*s - x - 0. Calculate the highest common factor of u and 33.
11
Let d(b) = 32*b - 62. Let v be d(2). Suppose u - 7 = -0*u. Let y be u/(-2)*8/(-14). Calculate the highest common divisor of v and y.
2
Suppose 0 = -99*q + 14*q + 16065. Calculate the highest common divisor of 546 and q.
21
Suppose -3 - 8 = -5*t - 2*v, 0 = -4*t + 5*v + 22. Let z be (5 - 1)*(-33)/(-4). What is the highest common factor of t and z?
3
Suppose -4245*j - 17226 = -4251*j. What is the greatest common factor of 165 and j?
33
Let j be -1*(2/(-6))/(7/42). Suppose 2*i + c = 108, j*i - 144 = -i + 3*c. Suppose -10 + i = k. Calculate the highest common divisor of k and 28.
14
Let u = -1830 - -1847. Calculate the highest common factor of u and 51.
17
Let b(w) be the second derivative of w**4/12 + 4*w**3/3 + 15*w**2/2 - 24*w. Let z be b(-10). What is the highest common divisor of 28 and z?
7
Suppose -51*o + 60*o - 135 = 0. Let u be (6/9 - 1) + 245/o. What is the highest common divisor of u and 24?
8
Suppose 6 = 3*n, 13*k - 4*n - 2632 = 10*k. What is the highest common factor of 1408 and k?
176
Suppose 0 = 3*z - 60 - 3. Suppose 3*y = 5*m + 2268, 4*y + m - 3024 = 4*m. Suppose 11*h - 7*h = y. Calculate the greatest common divisor of z and h.
21
Suppose 31*c - 4294 = 19018. What is the greatest common factor of 4 and c?
4
Suppose 0 = -2*o + 5*q + 142 + 127, 4*o - 530 = 2*q. Calculate the highest common divisor of 28 and o.
4
Let l = 34 + -28. Suppose 0 = -12*f + 510 + 1578. Calculate the highest common factor of f and l.
6
Let u be (-15)/1 - (2 - -2). Let k = 22 + u. Suppose 2*s = 3*o + 94, o + 4*o = -k*s + 160. Calculate the highest common divisor of s and 125.
25
Let o be 57 + (15/(-5) - 2). Suppose -4*t - o = -6*t. Calculate the greatest common factor of 26 and t.
26
Let z(h) = h**3 + h**2 + 4*h + 1. Let l be z(2). Let q = 49 - -63. Calculate the highest common factor of q and l.
7
Let r be ((-4)/8)/(1083/(-270) - -4). Let o = 27 + 0. Calculate the highest common divisor of o and r.
9
Let t(g) = -4*g**3 + 5*g + 10. Let k be t(-4). Let c = 563 - k. Suppose c*d = 314*d + 48. What is the greatest common factor of d and 256?
16
Suppose 143 = 3*g - 2*z, 0 = -3*g - 5*z + 38 + 77. Suppose 5*k - 55 = 5*v, 0*v - g = -3*k - v. Calculate the greatest common divisor of k and 28.
14
Let d(x) = -x**2 + x + 60. Let v be (0*(-1)/3)/(-2). Let m be d(v). What is the greatest common factor of 48 and m?
12
Suppose 4*r + 35384 = 7*r + 4*w, 0 = -4*r - 4*w + 47168. What is the greatest common factor of r and 72?
24
Let f be (-24)/(-3)*(-40)/(-64). Suppose 31 = k + g, -159 = -4*k - 2*g + f*g. Calculate the greatest common divisor of 12 and k.
12
Suppose 4*y + 29 = 2*y - d, -4*y + d - 43 = 0. Let p = 81 + y. What is the highest common divisor of 46 and p?
23
Let p(m) = 567*m - 153. Let b be p(3). Calculate the greatest common factor of 344 and b.
172
Let x be (-4 - 64/(-14))*7 + 11. Let h = x - -69. What is the greatest common divisor of 756 and h?
84
Suppose 5*s + 70 = -5*n, 21 = -s - 4*n - 5. Let r be (-24)/s*(30 - 0). Suppose 2*b + 0*b - r = 0. What is the highest common factor of b and 54?
18
Let t be 50/((8/(-26))/(-2)). Let l(u) = 8*u - 256. Let m be l(32). Suppose 5*w - t = -m*w. Calculate the greatest common divisor of w and 13.
13
Let j be -16*(6/2 - (3 + -2)). Suppose -r - 165 = -3*z - 57, -176 = -5*z + 3*r. Let l = z + j. What is the highest common divisor of 35 and l?
5
Suppose 4876 = 15*v + 91*v. Calculate the greatest common divisor of v and 1357.
23
Suppose 4*k + 12 = -0*k. Let t be k*-1*(-5)/15. Let f be t/(-4)*1934 + (-1)/(-2). What is the highest common divisor of 44 and f?
44
Let n be -499 - -12035 - 6/1. Calculate the highest common divisor of 10 and n.
10
Let d(m) = -m**3 + 11*m**2 + 14*m - 29. Let l be d(12). Let y be ((-7)/3)/(2/3720*l). What is the greatest common divisor of 28 and y?
28
Let v = 85207 - 85185. Suppose 2*s + 36 = -o + 2*o, -o = -4*s - 28. Calculate the greatest common divisor of o and v.
22
Suppose 0 = -3*o + 3*c + 54, -4*o + 8*c - 11*c + 107 = 0. Calculate the highest common divisor of 46 and o.
23
Let u be (4/(-6))/(4/(-42)). Let m(r) = -2*r**3 + 218*r**2 - 1614*r - 139. Let c be m(101). Calculate the greatest common divisor of c and u.
7
Let v = -8 - -10. Let x = 114 + -109. What is the highest common factor of v and x?
1
Suppose 73*n - 120178 = -117112. Let y(k) = 3*k**2 + k - 3. Let i be y(-3). What is the highest common factor of i and n?
21
Suppose 10*g + 21*g = -558. Let c be 22/891*-9 + (-148)/g. What is the greatest common divisor of c and 288?
8
Let b = 308 + -188. Let m(k) = -k**3 + k**2 - 2*k + 13. Let f be m(5). Let g = -82 - f. Calculate the highest common divisor of g and b.
15
Let l be 67381/1247 + (-4)/116. Calculate the highest common factor of 23274 and l.
54
Let f be 341/(-66) + 5 + (-2)/((-24)/758). Let g(o) = 10*o**2 + o - 3. Let u be g(5). Calculate the highest common divisor of f and u.
63
Let i be 6/2 + 0/(0 - 4). Let g be 14*(i - 1/1). Calculate the highest common divisor of g and 84.
28
Let b be (27/(-12) - -3)*(-3712)/(-87). Calculate the greatest common factor of b and 26944.
32
Let x = -12091 + 12497. What is the greatest common divisor of 6 and x?
2
Let n = -13237 - -8297. Let u be ((-6)/5)/(114/n). Calculate the greatest common divisor of 13 and u.
13
Let m(f) = -7*f**3 - 15*f**2 - 83*f + 5. Let x be m(-5). What is the greatest common factor of x and 32?
8
Let d(m) = 6*m - 5. Let y be d(2). Suppose v = 4*h, 2*v - y*v = -h. Suppose 4*u - u - 21 = v. Calculate the greatest common divisor of u and 63.
7
Suppose -3169 = -12*g + 656 + 171. What is the highest common divisor of g and 74?
37
Suppose 4*h = 0, -318 - 132 = 5*v - 4*h. Let q be 3 - v - (5 - 2). What is the highest common divisor of q and 60?
30
Let f = 4088 +